49
Let y(k) = k**2 + 4*k + 24. Let u(p) = -p**2 + 13. Let n be u(4). Let j(c) = 2*c**2 + 3*c - 3. Let z be j(n). What are the prime factors of y(z)?
2, 3, 7
Let r(z) be the third derivative of z**5/5 - z**4/24 + 30*z**2. List the prime factors of r(1).
11
Suppose 722*p + 15080 = 724*p. List the prime factors of p.
2, 5, 13, 29
Suppose 0 = 4*z - 3*k + 64, 43 = -3*z - 3*k + 4*k. Let o(b) be the third derivative of -b**4/2 - b**3 + 2*b**2. What are the prime factors of o(z)?
2, 3, 5
Let t(p) = p**2 - 8*p - 22. Let d(o) = -o**2 - 6*o + 11. Let b be d(-7). Suppose -2*u + 2*c + 37 - 13 = 0, 0 = -b*u + c + 57. List the prime factors of t(u).
83
Let x(c) = -209*c**3 - 3*c**2 + 17*c + 54. What are the prime factors of x(-4)?
2, 3, 7, 317
Suppose o - 8*o = 1176. Suppose -4*i + 47 + 25 = 0. What are the prime factors of (i/7)/((-6)/o)?
2, 3
List the prime factors of (14 + (-898)/(-4))/((-1)/(-86)).
3, 43, 53
Suppose -3*i + 4*j + 137 = -0*i, 2*j - 211 = -5*i. Let v = 102 + i. What are the prime factors of v?
5, 29
Suppose -4 = 4*q, 4*c = 4*q - 7*q + 9. Suppose 2*b + 14 = n + n, -c*n = -b - 25. Suppose 0*f - f - d + n = 0, f - d - 13 = 0. What are the prime factors of f?
11
Suppose 4*l = 3*l - 6*l. List the prime factors of 281 + l - 10/25*5.
3, 31
Suppose -4*z + 82 = -22. Let m be z/4 - (-7)/14. Suppose 210 = 5*q - 3*y, 3*q - 100 = -2*y + m. List the prime factors of q.
3, 13
Let q(b) be the first derivative of b**3/3 - 2*b**2 - 9*b - 45. Let t be q(5). List the prime factors of 3*t*(-2)/(20/65).
2, 3, 13
Let q(h) = 585*h**2 + 9*h - 28. List the prime factors of q(4).
2, 1171
Let t = 91 + -67. Suppose 12*s = 15*s - t. Suppose 4*v - s = 52. List the prime factors of v.
3, 5
Let u(x) = -16*x**2 - 7*x - 6. Let w be u(-1). Let q be 12*(-32)/(-60)*w/(-6). Suppose -2*s - 910 = -q*s. List the prime factors of s.
5, 13
Let j(w) = 908*w - 728. List the prime factors of j(6).
2, 5, 59
Let g(b) = 13*b + 4*b**3 - 3*b**3 + 8 + 8*b**2 + 0*b**2 - 17*b. Let k be g(-6). What are the prime factors of (-7)/((-7)/k) + (-15)/5?
101
Let h be (9/(-6))/(-4 + (-161)/(-42)). Suppose -2*y + h*s - 4*s + 368 = 0, -s = -4*y + 754. What are the prime factors of y?
3, 7
Let w(j) = 3*j**2 - 2*j - 41. Let a be w(15). Let n = a + 119. List the prime factors of n.
3, 241
Let c be (3 - 30/6) + 7. Suppose 2*d - 2*u = 176, 4*d + 0*u - 347 = c*u. What are the prime factors of d?
3, 31
Let b(i) = 201*i + 6465. What are the prime factors of b(16)?
3, 7, 461
Let m(z) = 23*z**2 + 6*z. Let o be m(-7). What are the prime factors of -2 + -1 + -2 + o + -9?
3, 7, 17
Let u(z) = -10*z**3 - 3*z**2 - 5*z + 6. Let y be u(-5). What are the prime factors of y*(3/36)/((-3)/(-12))?
2, 3, 67
Let s be -2 - (0 + 0) - -8. Suppose -3*c = -h - 5, 2*h - 4*h + 5*c = s. Suppose -9*m + h*m + 454 = 0. List the prime factors of m.
227
Let v(o) = -3*o**2 + 3*o + 18. Let m(t) = -2*t**2 + 3*t + 17. Let c(g) = 2*m(g) - 3*v(g). List the prime factors of c(-8).
2, 3
Let y(p) be the third derivative of p**5/12 - 7*p**4/24 - p**3 - 20*p**2 + 3. List the prime factors of y(8).
2, 3, 43
List the prime factors of (-1789018)/(-33)*(-54)/(-126).
2, 11617
Let k = -253 + 1791. What are the prime factors of k?
2, 769
Suppose -261*f + 239*f = -733788. List the prime factors of f.
2, 3, 17, 109
Let o = -175 - -108. Let d = o - -69. Suppose 2*g + d*b - 390 = b, 5*g = -3*b + 973. What are the prime factors of g?
197
Let k(j) = 11*j**2 + 14*j - 90. Let d be (-7 + 15 + -14)/(-1). What are the prime factors of k(d)?
2, 3, 5, 13
Suppose -10 = 3*a + 5*l - 3, 0 = 4*l + 20. List the prime factors of 664*((-39)/a - -4 - -3).
2, 83
Let g(l) = 2*l**2 + 40*l - 1159. List the prime factors of g(51).
7, 11, 79
Let a(j) be the second derivative of 3*j**4/4 + 19*j**3/6 + 8*j**2 - 68*j. What are the prime factors of a(9)?
2, 229
Suppose 0 = h + 4*c - 18, c - 10 = 3*h - 3*c. What are the prime factors of 1/((-4228)/1412 + 3)*h?
353
Let z(v) = -2*v**3 - 6*v**2 - 7*v - 15. Let q(c) = 2*c - 2. Let h be q(1). Suppose h = -3*n - 3 - 12. What are the prime factors of z(n)?
2, 3, 5
Let m(u) = 5*u**3 + u**2 - 14*u. Let r be m(-5). Let a = r + 929. What are the prime factors of a?
3, 7, 19
Suppose -130 = 5*h - 4*r, -3*r = -2*h + r - 64. Let v = -10 - h. Suppose 3*l - 624 = 3*m, -v*l = -7*l - 4*m - 1039. List the prime factors of l.
3, 23
Suppose -168228 = -70*m - 39498. What are the prime factors of m?
3, 613
What are the prime factors of 19*-38*779/(-38)?
19, 41
Let t(c) = 31*c - 37. Let m(r) = -47*r + 55. Suppose 37*s - 15 = 34*s. Let y(n) = s*m(n) + 7*t(n). List the prime factors of y(-5).
2, 53
Suppose 3*t = 5*t + y + 1849, t + y + 927 = 0. Let z = -499 - t. What are the prime factors of z?
3, 47
List the prime factors of (-58 + 3)/(15/(-2595)).
5, 11, 173
Let u(s) = -s + 11. Let a be (-3 - 51/(-15))/((-3)/15). Let o be u(a). Let q = 59 - o. What are the prime factors of q?
2, 23
Suppose 5*w - 317331 = 16*l, 8*w - 317314 = 3*w - l. What are the prime factors of w?
63463
Let w(p) = -33*p**2 + 7*p + 13. Suppose 2*b + 16 = 2. Let c(o) = 16*o**2 - 4*o - 7. Let k(u) = b*c(u) - 4*w(u). List the prime factors of k(-2).
7, 11
What are the prime factors of (0 - -9) + 13 + (13 - (-512958)/17)?
17, 1777
Let v = 122 - 101. Suppose v*t = 7*t - 13188. What are the prime factors of ((-18)/27)/(((-8)/t)/(-2))?
157
Suppose 0 = -3*k - 11 + 20. Let l(n) = 5*n**2 + 5*n - 5. Let t be l(k). Let p = -31 + t. List the prime factors of p.
2, 3
Let u be (-1 - 419)*(-50)/(-75). Let v = u + 367. What are the prime factors of v?
3, 29
Let d be 3/(-15) + (-152)/(-10). Let h = 59 + -42. Suppose d*x = h*x - 110. What are the prime factors of x?
5, 11
Suppose 0 = 7*t - 11 - 17. Suppose -25*j + 23*j + t = 0. Suppose d + 695 = 8*y - 3*y, j*d = 0. What are the prime factors of y?
139
Let g = -37 + 305. Suppose g + 4692 = 31*h. What are the prime factors of h?
2, 5
Let f be (-2 - (-2 - 1))*0. Let o be 18 + -1*(2 + f). Let w = 1 + o. What are the prime factors of w?
17
Let m(b) be the third derivative of 11*b**5/60 - b**4/2 - 23*b**3/6 + 50*b**2. What are the prime factors of m(6)?
7, 43
Let a(s) = 33*s + 40. Suppose 59*r + 8 = 61*r. List the prime factors of a(r).
2, 43
Let y be 585/78*36/5. Let i = 1 - -1. Suppose -4*x = 2*d - 246, 0 = -x - i*d + 3*d + y. What are the prime factors of x?
59
Let r = 53191 + -25618. What are the prime factors of r?
3, 7, 13, 101
Let r(u) be the second derivative of -3*u**5/10 + 5*u**3/6 - 2*u**2 - 5*u + 6. Let f be 1*6*-1 + 3. What are the prime factors of r(f)?
11, 13
Let o(g) = 28*g**2 + 33*g + 25. List the prime factors of o(9).
2, 5, 7, 37
Let w(t) = 8*t + 20. Let j(q) = -q + 16. Let l be j(11). Let b(k) = 9*k + 21. Let c(d) = l*b(d) - 6*w(d). List the prime factors of c(-16).
3, 11
What are the prime factors of (-40)/(-140)*(2567 + (-3 - -5))?
2, 367
Let k = -3812 - -5707. Suppose -g - 4*g = -5*t - k, 5*g + t = 1913. What are the prime factors of g?
2, 191
Let g = 1076 + 7877. List the prime factors of g.
7, 1279
Let g(a) = -1435*a - 6765. List the prime factors of g(-39).
2, 3, 5, 41
Suppose -4316*g + 2*b = -4318*g + 37158, -4*g + 4*b + 74372 = 0. List the prime factors of g.
2, 9293
Let c be 10/(-35) - (-32)/14. Suppose 4*o + m = -c*m - 97, m + 24 = -o. List the prime factors of 3/(45/o)*-51.
5, 17
Suppose -4*j = 3*z + 4 - 3, 2*j - z - 7 = 0. Suppose j*n + 5*w = 1367, -28*n + 29*n - 701 = w. List the prime factors of n.
2, 3, 29
Suppose 2 = -p, 5*p + 1 = -17*t + 18*t. List the prime factors of (-258)/9*(3 + t).
2, 43
Suppose 0 = 6*s + 475 + 137. Let j = s + 441. What are the prime factors of j?
3, 113
Let y(d) = 63*d**2 + 68*d - 196. List the prime factors of y(19).
31, 769
Suppose 10405 = 33*k - 15071. What are the prime factors of k?
2, 193
Let g = -168 + 170. Suppose -2*w + 37 = o, 5*o + g = 3*w + 135. List the prime factors of o.
29
Suppose -2*t + a + 1255 + 2556 = 0, -5 = -5*a. List the prime factors of t.
2, 953
Let r be (-17)/((-17)/(-6)) - -5766. Suppose 0 = 2*n + 10*n - r. List the prime factors of n.
2, 3, 5
Suppose 2*c = -2*c - 2*o + 2, 5*c + 2*o = 4. Let q(a) = 0*a**2 - c*a**2 + 33*a**3 - 29*a**3. What are the prime factors of q(4)?
2, 7
Let f = -34 - -33. Let w be (f + 212 + -3)/(-1). Let b = 372 + w. List the prime factors of b.
2, 41
Suppose 